 32. Calculate the highest common factor of l and t.
9
Suppose 3*m - 4 = 5. Suppose m*h + 10 = 2*b - b, 5*b - 90 = -5*h. Calculate the highest common factor of b and 80.
16
Let j(h) = -3*h + 3*h**3 + 1 - 2*h**2 - 2*h**3 + 4*h - 5. Let q be j(3). Calculate the greatest common divisor of q and 1.
1
Suppose 2*q = 8*w - 3*w - 105, 0 = 2*w - 4*q - 58. Calculate the highest common factor of w and 437.
19
Let m be ((-92)/(-161))/((-2)/(-28)). Suppose -h + m = 4. Suppose 0 = 3*x - 2*j - 98, -16 = -0*x - x + h*j. Calculate the greatest common divisor of 12 and x.
12
Let a(r) = 36*r + 25. Let s be a(0). What is the highest common factor of s and 1325?
25
Let r(a) = a**2 + 26*a + 178. Let n be r(-16). Calculate the highest common divisor of 387 and n.
9
Suppose 0 = -56*d + 40*d + 832. Calculate the highest common divisor of 169 and d.
13
Suppose 84*m = 65*m + 399. What is the greatest common divisor of m and 168?
21
Let i be (2 - 1) + 3/((-9)/(-699)). Calculate the greatest common factor of 108 and i.
18
Suppose -443 = 10*m - 2123. What is the highest common divisor of 210 and m?
42
Let j(o) be the second derivative of -o**3/6 - 11*o**2/2 - 8*o. Let b be j(-14). Suppose 0 = b*r - 0*r - 168. Calculate the greatest common factor of r and 8.
8
Let u(f) = 2*f**2 - 4*f + 12. Suppose 2*s + 22 = 4*g, 0*s = 4*g - 4*s - 32. Let n be u(g). What is the greatest common factor of 12 and n?
6
Let h(c) = -18*c - 48. Let v be h(-5). What is the highest common divisor of v and 231?
21
Let h = -11 + 14. Let z be (3/1 + -36)*(-2)/h. Let d = -11 + 22. What is the greatest common divisor of z and d?
11
Suppose 14*t + 781 = 221. Let n = t + 76. What is the greatest common factor of n and 252?
36
Suppose -47*j + 842 + 286 = 0. Calculate the highest common factor of 804 and j.
12
Let d = -1439 - -2198. Calculate the highest common factor of d and 22.
11
Suppose 89 = 4*x - 15. Let h(a) = a**3 - 5*a**2 - 6*a + 9. Let w be h(7). Calculate the highest common factor of x and w.
13
Suppose -3*j + 16 = 2*b, -b - 2*j = 2*b - 14. Suppose 2*f + 3*l - 59 = 0, 0*l = -b*f - l + 49. What is the greatest common divisor of f and 88?
22
Suppose -4*q + 598 = -5*y, -2*y - 4*q - 500 = 2*y. Let x = y + 248. What is the greatest common divisor of x and 18?
18
Let b be (-111)/(-74)*(0 - (-22)/3). Let w = -13 - -68. Calculate the highest common factor of b and w.
11
Let b = 26 - 20. Let c be 3/2*88/b. Calculate the highest common divisor of c and 11.
11
Let u(x) = -x**2 + 19*x - 32. Let a be u(16). What is the highest common divisor of 4 and a?
4
Suppose -2*b - 3 + 100 = 5*j, j = 5. Let o be 42/24*(-5 + 1). Let h = -3 - o. Calculate the greatest common factor of b and h.
4
Let r(v) = 2*v + 22. Let x be r(-10). Suppose 4*u - 22 = x*u. What is the greatest common divisor of u and 1?
1
Let r be (-54)/216 - 37/(-4). Let x be ((-4)/(-10))/(3/15). Suppose x + r = k. Calculate the highest common divisor of 55 and k.
11
Suppose 2*n + 2 = 28. Suppose -5*z - z + z = 0. Let b be (z - -120) + (-8 - -5). What is the greatest common divisor of b and n?
13
Let m(k) = k**3 - 11*k**2 + 12*k - 17. Let q be m(10). Suppose g = -5*r + 43, q*g = r - 11 + 108. What is the greatest common factor of 22 and g?
11
Suppose -5*k - 6 - 9 = 0. Let i be (-4)/(-12)*k*-5. Let d be 203/35 + 1/i. Calculate the greatest common divisor of 18 and d.
6
Let u be (-93)/(-217) - (-2052)/14. What is the highest common divisor of 49 and u?
49
Let b be (-225)/(-21) - (-4)/14. Suppose -s - 3 = -b. Let w(d) = -d + 29. Let m be w(-11). Calculate the greatest common divisor of s and m.
8
Let p = -447 + 821. What is the greatest common factor of p and 34?
34
Let r(n) = n**3 - 27*n**2 + 21*n + 23. Let t be r(26). Let b = t + 117. Calculate the highest common divisor of 80 and b.
10
Suppose 2*z + 21 = -5*q, 0 = 3*z + 12 - 3. Let t be 5*q/(-15) + 1. Let w = -1 - -3. What is the highest common divisor of w and t?
2
Let d(w) = -w**3 + 5*w**2 - 5*w + 2. Let t be d(3). Let z be (-4)/20 + (-9)/90*-202. Calculate the greatest common divisor of t and z.
5
Let n = 60 + -48. Suppose -3*x + q + 2*q = 15, 1 = -5*x - 3*q. Let z be (x + n)/((-3)/(-9)). Calculate the greatest common divisor of 6 and z.
6
Let c(l) = 128*l + 2. Let n be c(1). Let s = 47 - 37. What is the highest common divisor of n and s?
10
Let u be 1442/8 - (55/20)/11. Calculate the greatest common factor of u and 3.
3
Let h(t) = 12*t**2 + t. Let g be h(-2). Suppose 0 = -5*r - k + g, -5*k = -4*r + 5*r + 10. Calculate the greatest common divisor of 40 and r.
10
Let h be (8 - 315/27)/((-3)/9). What is the greatest common divisor of h and 407?
11
Suppose w = -0*w + 2. Let p(c) = 3*c - 2. Let q be p(w). Suppose -3*z + 11 = -q. What is the greatest common divisor of z and 50?
5
Let m be -2 + 0 + 0 + 2 + 0. Suppose 3*s + y - 430 = m, 0 = -3*s + 3*y - y + 436. What is the greatest common factor of 16 and s?
16
Suppose -2*h - 5*t = -751, -6*h + 5*t + 761 = -4*h. Calculate the highest common divisor of 14 and h.
14
Let h(s) = -8*s - 1. Let d be h(-3). Let l = d + -16. Suppose -3*g = 0, 3*g + 0*g = 3*w - 21. What is the highest common divisor of w and l?
7
Let m be (-6 - (-5 - 189))*2. What is the greatest common divisor of m and 47?
47
Suppose m = -5*c - 4*m - 20, -4*c - 3*m = 12. Suppose j - 173 - 22 = c. Calculate the highest common factor of 78 and j.
39
Let t(z) = z. Let w(l) = 9*l + 24. Let n(g) = -6*t(g) + w(g). Let v = -28 - -40. Let m be n(v). What is the highest common divisor of m and 24?
12
Let q = 317 - 263. What is the greatest common factor of 234 and q?
18
Let v = 312 - 308. Calculate the greatest common divisor of 116 and v.
4
Suppose 5*n = a + 452, 2*a + 176 = 2*n + 4*a. What is the greatest common divisor of n and 54?
18
Let a be (-95)/(-10) - (-2)/(-4). Suppose -4*g + a*g = 30. Suppose 132 = 2*s - 0. Calculate the greatest common factor of s and g.
6
Suppose 5*z + 1 = -4, -u = z - 45. Let y = 11 - 9. Suppose 0*p + y*p - 146 = -2*h, h - p = 65. Calculate the greatest common factor of h and u.
23
Let n be 195*((-78)/(-18) - 4). Suppose -26 + 0 = -z. What is the greatest common divisor of z and n?
13
Let o(t) = t + 4. Let w = 38 - 33. Let p be o(w). Calculate the greatest common divisor of 27 and p.
9
Suppose -5*d = -0*d - 75. Let n = 1293 - 1218. Calculate the greatest common divisor of d and n.
15
Let d = -7 + 19. Suppose -15 = 5*a + 2*j + 3*j, -5*a - 4*j - 11 = 0. Let x be (17 - a)/(8/d). What is the highest common divisor of 3 and x?
3
Suppose 12*l - 185 = 115. Calculate the highest common factor of 10 and l.
5
Let s be 8/(-20) + (-28)/(-20). Let d be (-1 - -1) + (s - -9). What is the highest common divisor of d and 4?
2
Suppose -x = -4*x + 45. Let v = -12 - -16. Suppose v*n = -g + 75, 56 = 3*g + 3*n - 169. What is the highest common factor of x and g?
15
Suppose -31*k = -2438 - 1282. Calculate the greatest common divisor of k and 200.
40
Let s be (4/(-6))/(138/(-1863)). Calculate the greatest common factor of s and 147.
3
Let l = 1 + 15. Let f = 16 - l. Let p(b) = b + 7. Let y be p(f). Calculate the greatest common factor of y and 56.
7
Let x = -272 - -280. Calculate the greatest common divisor of x and 88.
8
Suppose 4*n - 126 = -2*l, -3*l + 174 = -6*n + 9*n. What is the greatest common divisor of l and 159?
53
Suppose -3*s + 236 = i, 220 = 3*s - 0*i + 5*i. What is the greatest common factor of s and 5?
5
Suppose 1276 = 30*a + 316. Calculate the highest common divisor of a and 1152.
32
Suppose 81 + 19 = 4*p. Calculate the highest common divisor of 200 and p.
25
Suppose 0 = 3*g - 0 - 9. Let v be 1/4 - 1925/(-28). Let z = v - 60. What is the greatest common factor of z and g?
3
Let o(c) = -c + 10 - 5*c + 0*c + 5*c. Let a be o(3). Calculate the highest common factor of a and 7.
7
Let c(s) = 55*s - 5. Let v be c(5). Suppose -v = -3*r - 2*r. Let h = -22 - -31. What is the highest common factor of h and r?
9
Let n(q) = 15*q + 16. Let h be n(5). Calculate the highest common factor of h and 195.
13
Let x = -11 - -13. Suppose -x*l - 2*l = -1024. Suppose v - 80 = -48. What is the greatest common divisor of v and l?
32
Let q be (-2)/(-1 + 12/8). Let f(r) = 3*r + 2. Let b(z) = z + 1. Let u(m) = q*b(m) + 2*f(m). Let x be u(4). Calculate the highest common divisor of 24 and x.
8
Suppose -5*r = -7*r